1/4 - 23/l.
4
Suppose 6*x - 634 - 626 = 0. Calculate the remainder when (-3)/(-2)*x/9 is divided by 20.
15
Let f(y) = -15*y - 25. Suppose 0 = 3*d - 22 - 20. What is the remainder when d is divided by f(-2)?
4
Let m(a) = a**2 - 11*a + 46. Calculate the remainder when (-22)/(-3*4/78) is divided by m(10).
35
What is the remainder when -6 + 11/(77/777) is divided by 33?
6
Suppose -4*h = h + 5*k + 85, -5*k - 57 = 3*h. Let w = h - -25. Let a = -19 - -62. What is the remainder when a is divided by w?
10
Suppose 6 = 2*m - 2*t, 2*m + 2*t - 6 = 3*t. Suppose 0 = -m*n + 2*n + 40. What is the remainder when n is divided by 22?
18
Let d(r) = -5*r**3 - 2*r - 1. What is the remainder when d(-1) is divided by (3 - 6)/12 + 26/8?
0
Let c = 36 - 32. Suppose -c*n - 869 = -15*n. What is the remainder when n is divided by 27?
25
Let x = -314 - -346. What is the remainder when 56 is divided by x?
24
Suppose -6*d + 13 = -4*d - 3*h, 4 = 4*h. Calculate the remainder when 149 is divided by d.
5
Let m = -43 - -46. Suppose -66 = -m*r - x, 3*r + x - 4*x - 66 = 0. What is the remainder when 82 is divided by r?
16
Let w(j) = 2*j**3 - 48*j**2 + 35. What is the remainder when 73 is divided by w(24)?
3
Let q(l) = 24*l**2 + 4*l + 3. Suppose 4*d + 3*n - 57 = 0, -5 = -n - 2. Calculate the remainder when q(2) is divided by d.
11
Let g = -62 - -91. Let k = -476 + 585. What is the remainder when k is divided by g?
22
Let j = 6 - 3. Let x be ((-24)/(-15))/((-6)/(-15)). Let q(n) = n**2 - 4*n + 5. Calculate the remainder when q(x) is divided by j.
2
Suppose -50*y + 654 - 104 = 0. What is the remainder when 23 is divided by y?
1
Suppose 2*w - 34*b = -31*b + 102, 2*w + 5*b = 118. What is the remainder when 88 is divided by w?
34
Suppose -b = 87 - 111. What is the remainder when 68 is divided by b?
20
Let z(r) = r**2 + 4*r - 3. Let y be z(-5). Let i(s) = 3*s**2 + 2*s - 6. Calculate the remainder when 29 is divided by i(y).
9
Suppose -n - 21 = -4*p - 0*n, 4*n + 20 = 0. Calculate the remainder when 0 - (-1 + -5)/1 is divided by p.
2
Suppose 176 = x + 5*d, -2*x = -d - 165 - 143. What is the remainder when x is divided by 40?
36
Let n = 101 - 82. What is the remainder when 148 is divided by n?
15
Suppose 0 = -4*l + 9*l - 275. What is the remainder when l is divided by 49?
6
Suppose -3*x + 726 - 138 = 0. Suppose -3*o + x = o. Suppose 33 = 4*w - 71. What is the remainder when o is divided by w?
23
Suppose -6*x - 19*x + 775 = 0. What is the remainder when x is divided by 28?
3
Suppose -29 = -i - l, 4*i + 2*l + l = 115. What is the remainder when 59 is divided by i?
3
Let p be -26 - ((1 - 5) + 2). Let q be (2/(-3))/(2/p). Suppose -3*a + q*a - 165 = 0. What is the remainder when a is divided by 9?
6
Let j(a) = -a**3 + 28*a**2 + a + 9. Suppose 32*p - 28 = 31*p. Suppose -6*d + d = -100. Calculate the remainder when j(p) is divided by d.
17
Suppose 0 = 686*v - 684*v - 466. What is the remainder when v is divided by 63?
44
Let z(o) = 10*o**2 + 21*o - 82. What is the remainder when z(6) is divided by 12?
8
Let a = 209 - 123. What is the remainder when a is divided by 23?
17
Suppose -6 - 16 = -b. What is the remainder when 52 is divided by b?
8
Let l(j) = 5*j + 32. Calculate the remainder when l(13) is divided by 52.
45
Suppose 467 = 3*v - y, 12*y - 13*y = v - 161. What is the remainder when v is divided by 20?
17
Suppose g = 2*o - 19, -2*o + 2*g = -o - 5. Calculate the remainder when o is divided by 4 + 2 + -1 - (-139 - -137).
4
Suppose 76 = 3*w + u - 183, u + 336 = 4*w. Calculate the remainder when w is divided by 53.
32
Let d = -450 + 474. Calculate the remainder when 265 is divided by d.
1
Let g = -131 - -138. What is the remainder when 135 is divided by g?
2
Suppose -51 = -3*d - q - 2*q, 5*q - 47 = -3*d. Let k = 85 + -75. What is the remainder when d is divided by k?
9
Suppose -2*j - 3*w = -156, 5*w - 7*w = -4*j + 344. What is the remainder when 582 is divided by j?
78
Let h be 2/(-4*4/(-32)). Let q be 4 + (h/2 - 1). Suppose -2*i = -i - 4*s - 22, -66 = -q*i - 2*s. Calculate the remainder when 26 is divided by i.
12
Suppose 3*f + 3*j = 1 - 22, -5*j = -3*f + 19. What is the remainder when (11 - f) + -1 - -3 is divided by 4?
3
Suppose 0 = -z - 4*z - 15. What is the remainder when (2 + (-45)/2)*14/(-7) is divided by z/(-2) + (-45)/(-6)?
5
Let r be ((-134)/(-5))/((-4)/20). Let o = r + 187. Calculate the remainder when o is divided by -3 + -1*(-21 + 0).
17
Suppose 4*k - 2*w - 83 = -3*w, -4*w + 112 = 5*k. Calculate the remainder when 39 is divided by k.
19
Let y = 895 + -786. Calculate the remainder when y is divided by (0 + 62/(-4))*-2.
16
Suppose -34*a + 200 = -29*a. What is the remainder when 74 is divided by a?
34
Suppose -9*q = 44 - 8. Calculate the remainder when q/(8/(-155)) - 4/8 is divided by 16.
13
Suppose 0*y = 4*y - 8. Suppose -4 = y*z, -3*s = -2*z + z - 131. Calculate the remainder when s is divided by 15.
13
Let i(k) = 9*k**2 + 3*k**3 + 23 - 5*k - 7*k - 4*k**3 + 0*k. Calculate the remainder when i(7) is divided by 13.
11
Let p = -804 + 956. What is the remainder when p is divided by 13?
9
Suppose 5*j - 14 - 1 = 0. Suppose 6*x + 9 = j*x. What is the remainder when 61 is divided by (-38)/(-2) + 1*x?
13
Let w(a) = 11*a + 2. Suppose -5*n = -9 - 31. Let h(g) = -g**2 + 8*g + 5. Let s be h(n). Calculate the remainder when w(s) is divided by 30.
27
Suppose a - r - 94 = -2*a, -2*r + 142 = 5*a. Let c = -11 - -8. Calculate the remainder when (-1175)/(-10) + c/(-6) is divided by a.
28
Let a(r) = -2*r**2 - 20*r + 12. Let d(y) = y - 9. Let j be d(0). Calculate the remainder when 86 is divided by a(j).
26
Let l = 737 - 670. What is the remainder when 265 is divided by l?
64
Let k(s) = s**3 + 38*s**2 + 72*s + 40. Calculate the remainder when 178 is divided by k(-36).
18
Suppose 4*l + 78 = 10*l. Let r = l + 14. What is the remainder when 79 is divided by r?
25
Let x be (8/12)/(2/6). Calculate the remainder when (x + 2 + -35)*-3 is divided by 24.
21
Suppose 0 = 19*c + 47 - 237. Calculate the remainder when 28 is divided by c.
8
Suppose -v + 50 + 53 = 2*y, -2*v = 3*y - 211. Let t(j) = j**3 - 48*j**2 + 45*j + 132. Calculate the remainder when v is divided by t(47).
37
Suppose 0 = 7*c - 2*c - 730. Suppose -c = -2*a + 34. Suppose a = q + 2*q. Calculate the remainder when q is divided by 11.
8
Let w = -79 + 109. Suppose -2*l + 4*n + w = 0, 6*l + n = 4*l + 25. What is the remainder when 206 is divided by l?
11
Let f be (-1)/2 - (-54)/(-12). Let p be 1 + f + 3 + 77. Suppose -4*w = 2*g - p, g = -2*w + 6*w - 88. Calculate the remainder when w is divided by 11.
10
Suppose 0 = 4*m + k + 2*k - 6, -8 = 2*m - 4*k. What is the remainder when 2/(2/71 - m) is divided by 9?
8
Suppose 73*k + 3115 = 78*k. Calculate the remainder when k is divided by 13.
12
Let h be 2/1 - 14 - -3. Let f = -13 - h. What is the remainder when 28/42*(-342)/f is divided by 20?
17
Suppose -p + 68 = -5*u, 0*p + 4*p + u = 251. Calculate the remainder when 312 is divided by p.
60
Suppose -5*g = -10*g. Suppose g = 4*p + 4*l - 126 - 54, -2*p + 93 = 5*l. Calculate the remainder when p is divided by 15.
14
Suppose -2*k - 4*z + 18 = 0, z = 2*k - 2 - 1. Suppose 3*m = k*b + 18, 4*m = 2*b - 5*b + 17. Calculate the remainder when (b + 15)*14/4 is divided by 17.
15
Suppose -30*g - 147 + 567 = 0. What is the remainder when 362 is divided by g?
12
Calculate the remainder when (0 + -45 - 2)*-2 is divided by 11.
6
Suppose -6*r + 5*r - 174 = 0. Let y = r - -318. Calculate the remainder when y is divided by 37.
33
Let d(z) be the second derivative of -3*z**5/20 - 5*z**4/12 - 2*z**3/3 - 3*z**2 + 13*z. Calculate the remainder when d(-3) is divided by 3*(1 - (-8)/3).
9
Let c(m) = -9*m + 11. Suppose 10*j - 15*j - 20 = 0. What is the remainder when c(j) is divided by 13?
8
Let q = -205 + 315. Calculate the remainder when q is divided by 14.
12
Suppose 5*p + 0*p = 3*z + 245, 141 = 3*p - 3*z. Let g = -41 + p. Calculate the remainder when 49 is divided by g.
5
Suppose -3*x + 5*k = 39, 7*x + 5*k = 5*x - 1. Let s = 1 + 8. Let m = x + s. Calculate the remainder when 2 is divided by m.
0
Let s = -69 - -100. What is the remainder when 64 is divided by s?
2
Suppose 728*j - 719*j - 27 = 0. Let q = 11 - 3. Calculate the remainder when q is divided by j.
2
Let p = 86 - 58. Suppose a 